 of q(-5).
2
Let u = 5 - 1. Suppose -u*i + 33 = -15. List the prime factors of i.
2, 3
Let i(n) = n - 3. Let c be i(5). Suppose -4*w + c*w + r = 0, -2*w - 2*r = -12. Suppose 0 = w*j + 12 - 30. List the prime factors of j.
3
Suppose 0 = 5*y + 3*b - 174, -57 = -y - y + 3*b. What are the prime factors of y?
3, 11
Let s = -4 - -6. Let o(p) = -2 + s + 0*p + p. List the prime factors of o(7).
7
Suppose -3*r = -7*r + 12. Let x be 1/(r/2 - 1). Let d = x - -4. What are the prime factors of d?
2, 3
Let t be 22/(-4) + 1/2. Let c(y) = -y**2 - 3*y - 6. Let i be c(-5). List the prime factors of (i/10)/(1/t).
2
Let f(o) = -5*o + 1 + o + 3*o. Let r be f(1). Let x = r - -2. What are the prime factors of x?
2
Let u(a) = -a**3 - 4*a**2 - a - 2. Let y be u(-4). Suppose 0 = 3*k - 8 + y. List the prime factors of k/3*-3*-6.
2, 3
Suppose 0 = -b - 3*b - 140. Let w be 28/b*(-10)/4. Suppose 0*v + w*v = 24. List the prime factors of v.
2, 3
Let s = -74 - -102. What are the prime factors of s?
2, 7
Let g = -116 + 253. What are the prime factors of g?
137
Let y = 485 - 262. List the prime factors of y.
223
Suppose 0 = -0*x - 3*x + 105. What are the prime factors of x?
5, 7
Let t be 142/10 + 3/(-15). Let k = 20 - t. List the prime factors of k.
2, 3
List the prime factors of (-63302)/(-217) + (-2)/(-7).
2, 73
Let s(l) = -l**2 - 9*l - 3. Let n be s(-9). What are the prime factors of 7 + 2 + 3 + n?
3
Suppose 0 = u + 4*l - 2*l - 108, l - 299 = -3*u. What are the prime factors of u?
2, 7
Let w(f) = f**2 + 14*f - 4. What are the prime factors of w(-17)?
47
Let t(s) = -s**2 + 7*s + 4. Let p(g) = -1. Let n(z) = -3*p(z) + t(z). Suppose 4*i = -1 + 21. List the prime factors of n(i).
17
Let b(h) = -4*h. List the prime factors of b(-2).
2
Let y = -12 - 0. What are the prime factors of y/(-8)*40/6?
2, 5
Let i(t) = -t + 12. Let c be i(15). What are the prime factors of 1/(c/528*-4)?
2, 11
Suppose -u + 46 = -5*o, 5*u - 4*o - 46 = 121. List the prime factors of u.
31
Let a(y) = -8 + 8*y - y - y + y. What are the prime factors of a(5)?
3
Suppose 0 = 2*d - 111 - 11. What are the prime factors of d?
61
Let z(x) = x**3 - 7*x**2 + 5*x + 2. Let h be z(6). Let k be 1/h - (-2)/8. Let a = 3 - k. What are the prime factors of a?
3
Suppose 8*v + 4*v = 3480. What are the prime factors of v?
2, 5, 29
Let m(s) = s**3 - 5*s**2 - 3*s + 2. Let i be m(6). Suppose 0 = -5*b + 10, -2*u - 2*b + i = b. What are the prime factors of u?
7
Suppose -4*u + 5 + 28 = -3*l, l + 6 = 3*u. List the prime factors of l/(-10)*(-4)/(-3).
2
Suppose -1 = -2*s + 3. Suppose 2*a + 16 = s*l - 0*a, 3*a + 34 = 5*l. Suppose 0 = -l*k + 41 + 14. What are the prime factors of k?
11
What are the prime factors of -7*(23/(-2))/((-7)/(-14))?
7, 23
Let d(z) = 2*z - 5*z - 3 + 2*z. Let b be d(-5). What are the prime factors of (-2)/(b + -4) + 2?
3
List the prime factors of (27/12)/(12/64).
2, 3
List the prime factors of -7*2*18/(-63).
2
Let z(l) = 9*l - 70. List the prime factors of z(14).
2, 7
Let g(l) = 2*l + 9. Let u be g(-4). List the prime factors of (-1)/(u + 32/(-31)).
31
Suppose 0 = -6*g + 7*g - 38. What are the prime factors of g?
2, 19
Suppose 0 = -5*d - 52 + 17. List the prime factors of d/(-35) - (-39)/5.
2
Suppose -8 + 42 = y. List the prime factors of y.
2, 17
Suppose -5*s - 3*h + 51 = 0, 0*s + 2*s - 2*h = 14. Let o = s + -6. Suppose f = -o*f + 68. What are the prime factors of f?
17
Suppose -3*o = n - 7*o - 27, -3*o - 25 = -n. Suppose p = -3 + n. What are the prime factors of p?
2
Let g(u) = -u**3 - 12*u**2 - 13*u + 7. Let h be g(-11). Suppose 0 = m - 2*d - 19, 5*d = 4*m + h - 99. What are the prime factors of (-5)/(m/(-9)) + 8?
11
Let x(s) = -s**2 - 38*s. List the prime factors of x(-25).
5, 13
Let w(s) = -25*s**3 + s - 1. Let q be w(1). Suppose 4*h - 3*b = -60, 0 = 5*h - 4*b + 76 - 1. Let p = h - q. What are the prime factors of p?
2, 5
Let n = 172 + -114. What are the prime factors of n?
2, 29
Let u = -35 - -247. What are the prime factors of u?
2, 53
Let u(w) = w**3 + 2*w**2 - w - 1. Let f be u(-3). Let d(g) = 2*g + 1. Let v be d(-6). Let h = f - v. What are the prime factors of h?
2
Let k(z) = -6*z**2 - z + 2. Let i be k(-2). Let t be (-212)/i + 4/10. Let o = 0 + t. List the prime factors of o.
11
Let d(y) be the third derivative of -y**6/120 + y**5/60 - 3*y**2. Let l(n) = 6*n**3 - 6*n - 8. Let p(c) = -5*d(c) - l(c). List the prime factors of p(-6).
2
Let d = 308 + -176. What are the prime factors of d?
2, 3, 11
Suppose -5*d = -3*d + 2*l + 28, -l = -5*d - 40. Let m = d + 13. List the prime factors of m.
2
Let a be 0 + (-1 - 3*-13). Let t = a - 6. List the prime factors of t.
2
Let v be ((-3)/2)/((-2)/8). Let b be -10*(9/v)/(-3). Suppose -b*x = -2*x - 12. List the prime factors of x.
2
What are the prime factors of -5*6/(18/(-147))?
5, 7
Let v be (-2)/(132/124 - 1). Let u = -21 - v. List the prime factors of u.
2, 5
Suppose 2*h + 2*s = 20, s - 10 = -s. Let j = 8 - h. List the prime factors of j.
3
Let l = 18 - 13. Suppose d = -l*z + 4*d + 65, 3*d = 0. Suppose -3*q + z = 1. What are the prime factors of q?
2
What are the prime factors of (116/((-8)/2))/(-1)?
29
Suppose 9*i - 7*i = 0. What are the prime factors of 2 + 14 - i/3?
2
Let n(t) = -2*t + 7. Suppose -6*z = -z - 30. Let b be n(z). Let c = 10 + b. List the prime factors of c.
5
What are the prime factors of (1*208 + -2)/2?
103
Suppose 14*o - 4 = 10*o. Suppose s = -o, -2*w + 2*s = 3*s - 3. What are the prime factors of w?
2
Suppose z + 787 = 5*z - 5*w, 3*z - 599 = 2*w. List the prime factors of z.
7, 29
Let i be (0 - 0/(-1)) + 2. Suppose 3*a + 16 = -5*j + i, -4*a + j = -12. Suppose -2*x = c - 1 - 2, 8 = -a*x. What are the prime factors of c?
11
Suppose 0 = -5*g - 2*n - 10, -20 = -5*g + 4*n. Suppose g = -5*h - 5*j - 4 + 19, 0 = -5*h + j + 27. What are the prime factors of h?
5
Let c = -1 + -1. Let h be (9 + 1)*(c + 3). Let d = -6 + h. What are the prime factors of d?
2
Let w = -42 - -14. What are the prime factors of (-372)/w - 4/14?
13
Let g = 79 + -5. List the prime factors of g.
2, 37
Suppose 0 = -9*q + 4*q + 10. Let s be (-4 + 16/4)/(-1). Suppose -4 = -q*m - s*m. List the prime factors of m.
2
Let l = -488 - -875. List the prime factors of l.
3, 43
Suppose 0 = 7*f - 4*f - 39. Suppose -l + f = 1. List the prime factors of l.
2, 3
List the prime factors of 5 - (-6)/(-3) - -205.
2, 13
Let j = 174 + -87. List the prime factors of j.
3, 29
Let y(u) = -u**2 - 15*u - 6. Let r = -24 + 11. What are the prime factors of y(r)?
2, 5
Let w be -1 - (3 + -1) - -7. Suppose -3*a + 32 = 2*h, -60 = -0*h - w*h - 5*a. What are the prime factors of h?
2, 5
Suppose 4*q + 2*y = 72, -4*q + 21 + 57 = -y. What are the prime factors of q?
19
Let v(n) = 2*n + 3. Let w be v(5). Suppose -4*l + 3*l + w = 0. List the prime factors of l.
13
Let z(w) = w**3 + w + 1. Let l be z(-2). List the prime factors of ((-3)/l)/(3/27).
3
Suppose 4*w - 91 = 37. What are the prime factors of w?
2
Let u be (1/3)/(1/45). What are the prime factors of u/25 - 97/(-5)?
2, 5
Let y = -32 + 29. Let s(i) be the second derivative of -2*i**3/3 - i. List the prime factors of s(y).
2, 3
Suppose -3*a + 53 = 2*c, -80 = -a - 4*a - 5*c. What are the prime factors of (4/(-6))/((-1)/a)?
2, 7
Suppose 16 = -3*i + 5*l, 5*l = -3*i + 2*l + 24. Suppose 3*n = -g + 21, -n + i*g + 17 = -0*g. Suppose w + n = -w, a + 14 = -5*w. List the prime factors of a.
2, 3
Let m be (-4)/(-6)*3*25. Let p be 2/5 + 80/m. Suppose 7 = 3*t - p*t. What are the prime factors of t?
7
Let n = -7 - -14. Let y(i) = 0*i**3 + i - i**3 + 7*i**2 - 3 + 1. List the prime factors of y(n).
5
Let d(a) = a**3 - 5*a**2 + 5*a + 9. Suppose -4*b + 6*s - 7*s + 24 = 0, -17 = -b - 3*s. List the prime factors of d(b).
2, 17
Let l be (1 + -13)*(-8)/3. Suppose 4*d + 0*d - l = 0. Suppose 8 + d = 4*m. What are the prime factors of m?
2
Suppose -152 = h - 5*h. List the prime factors of h.
2, 19
Suppose 0 = 69*n - 64*n - 90. What are the prime factors of n?
2, 3
Let k = 148 + -105. What are the prime factors of k?
43
Let r = 7 - 5. Let j = 0 + 4. Suppose -3 = -r*y + 1, -j*k - y = -30. What are the prime factors of k?
7
Suppose 0 = 13*m - 3*m - 1530. List the prime factors of m.
3, 17
Let u = 0 + 3. Let d be -8 + 10 + 1*12. List the prime factors of d/u*(-6)/(-4).
7
Let y(q) = 113*q - 2. 